{"id":3,"date":"2021-02-18T23:04:08","date_gmt":"2021-02-19T04:04:08","guid":{"rendered":"https:\/\/dev-limpio.pantheonsite.io\/?page_id=3"},"modified":"2022-06-30T15:18:22","modified_gmt":"2022-06-30T20:18:22","slug":"tratamiento-de-datos","status":"publish","type":"page","link":"https:\/\/socialskin.com\/comunidad\/tratamiento-de-datos\/","title":{"rendered":"Tratamiento de datos"},"content":{"rendered":"<p>Al registrarme como miembro de la Comunidad de Innovaci\u00f3n Social del Grupo Bol\u00edvar S.A. &#8211; Social Skin y el Premio Social Skin declaro que entiendo y acepto que la Comunidad de Innovaci\u00f3n Social del Grupo Bol\u00edvar S.A. &#8211; Social Skin y el Premio Social Skin en adelante (el \u201cPrograma y el premio\u201d) del Grupo Bol\u00edvar S.A., sociedad comercial legalmente constituida, identificada con el NIT No.830.025448-5, domiciliada en la Avenida el Dorado No. 68 B-31 de la ciudad de Bogot\u00e1, podr\u00e1 realizar la recolecci\u00f3n, uso, almacenamiento y en general tratamiento de mis datos personales e<br \/>\ninformaci\u00f3n de car\u00e1cter sensible como fotograf\u00edas, voz y videos entre los cuales se incluye la informaci\u00f3n relacionada con mi profesi\u00f3n y oficio para las siguientes finalidades:<\/p>\n<p>\u25cf Vincularse al Programa y el Premio y formalizar mi inscripci\u00f3n en el mismo.<br \/>\n\u25cf Ser parte de la Comunidad de Innovaci\u00f3n Social del Grupo Bol\u00edvar S.A. &#8211; Social Skin y dePremio Social Skin<br \/>\n\u25cf Recibir informaci\u00f3n sobre las actividades desarrolladas por el Programa y el Premio<br \/>\n\u25cf Participar en actividades desarrolladas por el Programa y el Premio del Grupo Bol\u00edvar S.A, en alianza o en coordinaci\u00f3n con instituciones del Estado, sociedad civil, sector educativo y privado, fundaciones u organizaciones sociales.<br \/>\n\u25cf Realizar an\u00e1lisis de intereses y preferencias, buscando ofrecer o desarrollar programas, proyectos y actividades que se ajusten a las necesidades de las personas.<br \/>\n\u25cf Evaluar, mantener, mejorar y profundizar en el impacto y evoluci\u00f3n del Programa y el Premio del Grupo Bol\u00edvar S.A.<br \/>\n\u25cf Suministrar informaci\u00f3n sobre actividades, eventos, novedades, comunicaci\u00f3n y publicidad relacionada con el Programa y el Premio del Grupo Bol\u00edvar S.A.<br \/>\n\u25cf Divulgar las actividades del Programa y el Premio del Grupo Bol\u00edvar S.A. en diferentes medios de comunicaci\u00f3n abierta o cerrada como: programas televisivos o radiales, p\u00e1ginas<br \/>\nweb, streaming, redes sociales, plataformas de intercambio de videos y\/o material editorial o publicitario elaborado por el Programa y el Premio del Grupo Bol\u00edvar S.A.<br \/>\n\u25cf Mantener mis datos personales de contacto, incluso una vez finalizada mi participaci\u00f3n en el Programa, para remitirle informaci\u00f3n sobre nuevas convocatorias.<br \/>\n\u25cf Ser parte de la Comunidad de Innovaci\u00f3n Social del Grupo Bol\u00edvar S.A. &#8211; Social Skin Recibir informaci\u00f3n sobre las actividades desarrolladas por la Comunidad de Innovaci\u00f3n Social del Grupo Bol\u00edvar S.A. &#8211; Social Skin y el Premio Social Skin.<br \/>\n\u25cf Participar en actividades desarrolladas por el Programa y el Premio de Innovaci\u00f3n Social del Grupo Bol\u00edvar S.A. \u00abSocialskin\u00bb en alianza o en coordinaci\u00f3n con instituciones del Estado, sociedad civil, sector educativo y privado, fundaciones u organizaciones sociales.<br \/>\n\u25cf Realizar an\u00e1lisis de intereses y preferencias, buscando ofrecer o desarrollar programas, proyectos y actividades que se ajusten a las necesidades de las personas.<br \/>\n\u25cf Evaluar, mantener, mejorar y profundizar en el impacto y evoluci\u00f3n del Programa y el Premio de Innovaci\u00f3n Social del Grupo Bol\u00edvar \u00abSocialskin\u00bb. Suministrar informaci\u00f3n sobre actividades, eventos, novedades, comunicaci\u00f3n y publicidad relacionada con el Programa y el Premio de Innovaci\u00f3n Social del Grupo Bol\u00edvar S.A. \u201cSocialskin\u201d.<br \/>\n\u25cf Divulgar las actividades del Programa y el Premio de Innovaci\u00f3n Social del Grupo Bol\u00edvar S.A. \u00abSocialskin\u00bb en diferentes medios de comunicaci\u00f3n abierta o cerrada como: programas televisivos o radiales, p\u00e1ginas web, streaming, redes sociales, plataformas de intercambio de videos y\/o material editorial o publicitario elaborado por el Programa y el Premio de Innovaci\u00f3n Social del Grupo Bol\u00edvar S.A. \u00abSocialskin\u00bb.<\/p>\n<p>&nbsp;<\/p>\n<p>Todo lo anterior a trav\u00e9s del env\u00edo de mensajes cortos de texto (SMS), mensajes de multimedia (MMS), correo electr\u00f3nico, tel\u00e9fono celular, tel\u00e9fono fijo, fax, correo f\u00edsico y redes sociales o medios similares cerrados o abiertos.<\/p>\n<p>En relaci\u00f3n con los datos personales que puedan ser considerados sensibles, entiendo que no me encuentro obligado a autorizar su tratamiento, y que el suministro de dichos datos es facultativo. Sin perjuicio de lo anterior, al aceptar este texto de autorizaci\u00f3n, autorizo al Grupo Bol\u00edvar S.A. para que utilice dichos datos con las finalidades exclusiva de divulgaci\u00f3n delPrograma y el Premio, identificaci\u00f3n m\u00eda como parte de uno de los equipos participantes en la convocatoria en que participe. En el caso de im\u00e1genes, videos y voz las mismas se podr\u00e1n utilizar seg\u00fan los t\u00e9rminos establecidos en los T\u00e9rminos y Condiciones del Programa y el Premio.<\/p>\n<p>En los casos donde el beneficiario o titular de los datos es menor de edad, quien diligencia este formulario declara que act\u00faa en calidad de representante legal del menor y que tiene las facultades para otorgar la autorizaci\u00f3n en los t\u00e9rminos indicados en este texto.<\/p>\n<p>Entiendo que esa informaci\u00f3n ser\u00e1 utilizada por Grupo Bol\u00edvar S.A. con total respeto a los derechos de los Titulares, y por lo tanto al aceptar este texto autorizo de manera expl\u00edcita su Tratamiento.<\/p>\n<p>En el caso de haber incluido terceras personas para que puedan participar en el Programa y el Premio de Innovaci\u00f3n Social del Grupo Bol\u00edvar \u201cSocialskin\u201d, entiendo que los datos suministrados son los m\u00ednimos necesarios para participar en la convocatoria, y as\u00ed poder obtener los beneficios del programa al que se haya postulado.<\/p>\n<p>As\u00ed mismo, autorizo al Programa del Grupo Bol\u00edvar S.A. a compartir mi informaci\u00f3n personal con las empresas del Grupo Empresarial Bol\u00edvar, cuyo listado est\u00e1 disponible en la p\u00e1gina web <a href=\"http:\/\/www.grupobolivar.com\">www.grupobolivar.com<\/a> , opci\u00f3n \u00ab\u00bbNuestras Compa\u00f1\u00edas\u00bb\u00bb, con el prop\u00f3sito de que me hagan part\u00edcipe de sus actividades sociales, culturales y\/o empresariales a trav\u00e9s de los medios de comunicaci\u00f3n ya enunciados.<\/p>\n<p>Son derechos del Titular del Dato: acceso, actualizaci\u00f3n, rectificaci\u00f3n y supresi\u00f3n. Los canales de consultas y reclamos son: (i) correo electr\u00f3nico: gobierno.corporativo@grupobolivar.com; y, (ii) direcci\u00f3n f\u00edsica: la arriba indicada. Entiendo que podr\u00e9 conocer las pol\u00edticas de tratamiento de datos de Grupo Bol\u00edvar S.A. en <a href=\"http:\/\/www.grupobolivar.com\">www.grupobolivar.com<\/a> o desc\u00e1rguelas aqu\u00ed.<\/p>\n","protected":false},"excerpt":{"rendered":"<p>Al registrarme como miembro de la Comunidad de Innovaci\u00f3n Social del Grupo Bol\u00edvar S.A. &#8211; Social Skin y el Premio Social Skin declaro que entiendo y acepto que la Comunidad de Innovaci\u00f3n Social del Grupo Bol\u00edvar S.A. &#8211; Social Skin y el Premio Social Skin en adelante (el \u201cPrograma y el premio\u201d) del Grupo Bol\u00edvar [&hellip;]<\/p>\n","protected":false},"author":2353,"featured_media":0,"parent":0,"menu_order":0,"comment_status":"closed","ping_status":"closed","template":"page-fullwidth.php","meta":{"inline_featured_image":false},"yoast_head":"<!-- This site is optimized with the Yoast SEO plugin v20.5 - https:\/\/yoast.com\/wordpress\/plugins\/seo\/ -->\n<title>Tratamiento de datos - Comunidad<\/title>\n<meta name=\"robots\" content=\"noindex, follow, max-snippet:-1, max-image-preview:large, max-video-preview:-1\" \/>\n<meta property=\"og:locale\" content=\"es_ES\" \/>\n<meta property=\"og:type\" content=\"article\" \/>\n<meta property=\"og:title\" content=\"Tratamiento de datos - Comunidad\" \/>\n<meta property=\"og:description\" content=\"Al registrarme como miembro de la Comunidad de Innovaci\u00f3n Social del Grupo Bol\u00edvar S.A. &#8211; Social Skin y el Premio Social Skin declaro que entiendo y acepto que la Comunidad de Innovaci\u00f3n Social del Grupo Bol\u00edvar S.A. &#8211; Social Skin y el Premio Social Skin en adelante (el \u201cPrograma y el premio\u201d) del Grupo Bol\u00edvar [&hellip;]\" \/>\n<meta property=\"og:url\" content=\"https:\/\/socialskin.com\/comunidad\/tratamiento-de-datos\/\" \/>\n<meta property=\"og:site_name\" content=\"Comunidad\" \/>\n<meta property=\"article:modified_time\" content=\"2022-06-30T20:18:22+00:00\" \/>\n<meta name=\"twitter:card\" content=\"summary_large_image\" \/>\n<meta name=\"twitter:label1\" content=\"Tiempo de lectura\" \/>\n\t<meta name=\"twitter:data1\" content=\"3 minutos\" \/>\n<script type=\"application\/ld+json\" class=\"yoast-schema-graph\">{\"@context\":\"https:\/\/schema.org\",\"@graph\":[{\"@type\":\"WebPage\",\"@id\":\"https:\/\/socialskin.com\/comunidad\/tratamiento-de-datos\/\",\"url\":\"https:\/\/socialskin.com\/comunidad\/tratamiento-de-datos\/\",\"name\":\"Tratamiento de datos - Comunidad\",\"isPartOf\":{\"@id\":\"https:\/\/socialskin.com\/comunidad\/#website\"},\"datePublished\":\"2021-02-19T04:04:08+00:00\",\"dateModified\":\"2022-06-30T20:18:22+00:00\",\"breadcrumb\":{\"@id\":\"https:\/\/socialskin.com\/comunidad\/tratamiento-de-datos\/#breadcrumb\"},\"inLanguage\":\"es\",\"potentialAction\":[{\"@type\":\"ReadAction\",\"target\":[\"https:\/\/socialskin.com\/comunidad\/tratamiento-de-datos\/\"]}]},{\"@type\":\"BreadcrumbList\",\"@id\":\"https:\/\/socialskin.com\/comunidad\/tratamiento-de-datos\/#breadcrumb\",\"itemListElement\":[{\"@type\":\"ListItem\",\"position\":1,\"name\":\"Inicio\",\"item\":\"https:\/\/socialskin.com\/comunidad\/\"},{\"@type\":\"ListItem\",\"position\":2,\"name\":\"Tratamiento de datos\"}]},{\"@type\":\"WebSite\",\"@id\":\"https:\/\/socialskin.com\/comunidad\/#website\",\"url\":\"https:\/\/socialskin.com\/comunidad\/\",\"name\":\"Comunidad\",\"description\":\"Otro sitio realizado con WordPress\",\"publisher\":{\"@id\":\"https:\/\/socialskin.com\/comunidad\/#organization\"},\"potentialAction\":[{\"@type\":\"SearchAction\",\"target\":{\"@type\":\"EntryPoint\",\"urlTemplate\":\"https:\/\/socialskin.com\/comunidad\/?s={search_term_string}\"},\"query-input\":\"required name=search_term_string\"}],\"inLanguage\":\"es\"},{\"@type\":\"Organization\",\"@id\":\"https:\/\/socialskin.com\/comunidad\/#organization\",\"name\":\"Social Skin - Comunidad\",\"url\":\"https:\/\/socialskin.com\/comunidad\/\",\"logo\":{\"@type\":\"ImageObject\",\"inLanguage\":\"es\",\"@id\":\"https:\/\/socialskin.com\/comunidad\/#\/schema\/logo\/image\/\",\"url\":\"https:\/\/di0sglc4ew7ue.cloudfront.net\/comunidad\/wp-content\/uploads\/2021\/04\/09204156\/logo_comunidades.png\",\"contentUrl\":\"https:\/\/di0sglc4ew7ue.cloudfront.net\/comunidad\/wp-content\/uploads\/2021\/04\/09204156\/logo_comunidades.png\",\"width\":165,\"height\":59,\"caption\":\"Social Skin - Comunidad\"},\"image\":{\"@id\":\"https:\/\/socialskin.com\/comunidad\/#\/schema\/logo\/image\/\"}}]}<\/script>\n<!-- \/ Yoast SEO plugin. -->","yoast_head_json":{"title":"Tratamiento de datos - Comunidad","robots":{"index":"noindex","follow":"follow","max-snippet":"max-snippet:-1","max-image-preview":"max-image-preview:large","max-video-preview":"max-video-preview:-1"},"og_locale":"es_ES","og_type":"article","og_title":"Tratamiento de datos - Comunidad","og_description":"Al registrarme como miembro de la Comunidad de Innovaci\u00f3n Social del Grupo Bol\u00edvar S.A. &#8211; Social Skin y el Premio Social Skin declaro que entiendo y acepto que la Comunidad de Innovaci\u00f3n Social del Grupo Bol\u00edvar S.A. &#8211; Social Skin y el Premio Social Skin en adelante (el \u201cPrograma y el premio\u201d) del Grupo Bol\u00edvar [&hellip;]","og_url":"https:\/\/socialskin.com\/comunidad\/tratamiento-de-datos\/","og_site_name":"Comunidad","article_modified_time":"2022-06-30T20:18:22+00:00","twitter_card":"summary_large_image","twitter_misc":{"Tiempo de lectura":"3 minutos"},"schema":{"@context":"https:\/\/schema.org","@graph":[{"@type":"WebPage","@id":"https:\/\/socialskin.com\/comunidad\/tratamiento-de-datos\/","url":"https:\/\/socialskin.com\/comunidad\/tratamiento-de-datos\/","name":"Tratamiento de datos - Comunidad","isPartOf":{"@id":"https:\/\/socialskin.com\/comunidad\/#website"},"datePublished":"2021-02-19T04:04:08+00:00","dateModified":"2022-06-30T20:18:22+00:00","breadcrumb":{"@id":"https:\/\/socialskin.com\/comunidad\/tratamiento-de-datos\/#breadcrumb"},"inLanguage":"es","potentialAction":[{"@type":"ReadAction","target":["https:\/\/socialskin.com\/comunidad\/tratamiento-de-datos\/"]}]},{"@type":"BreadcrumbList","@id":"https:\/\/socialskin.com\/comunidad\/tratamiento-de-datos\/#breadcrumb","itemListElement":[{"@type":"ListItem","position":1,"name":"Inicio","item":"https:\/\/socialskin.com\/comunidad\/"},{"@type":"ListItem","position":2,"name":"Tratamiento de datos"}]},{"@type":"WebSite","@id":"https:\/\/socialskin.com\/comunidad\/#website","url":"https:\/\/socialskin.com\/comunidad\/","name":"Comunidad","description":"Otro sitio realizado con WordPress","publisher":{"@id":"https:\/\/socialskin.com\/comunidad\/#organization"},"potentialAction":[{"@type":"SearchAction","target":{"@type":"EntryPoint","urlTemplate":"https:\/\/socialskin.com\/comunidad\/?s={search_term_string}"},"query-input":"required name=search_term_string"}],"inLanguage":"es"},{"@type":"Organization","@id":"https:\/\/socialskin.com\/comunidad\/#organization","name":"Social Skin - Comunidad","url":"https:\/\/socialskin.com\/comunidad\/","logo":{"@type":"ImageObject","inLanguage":"es","@id":"https:\/\/socialskin.com\/comunidad\/#\/schema\/logo\/image\/","url":"https:\/\/di0sglc4ew7ue.cloudfront.net\/comunidad\/wp-content\/uploads\/2021\/04\/09204156\/logo_comunidades.png","contentUrl":"https:\/\/di0sglc4ew7ue.cloudfront.net\/comunidad\/wp-content\/uploads\/2021\/04\/09204156\/logo_comunidades.png","width":165,"height":59,"caption":"Social Skin - Comunidad"},"image":{"@id":"https:\/\/socialskin.com\/comunidad\/#\/schema\/logo\/image\/"}}]}},"_links":{"self":[{"href":"https:\/\/socialskin.com\/comunidad\/wp-json\/wp\/v2\/pages\/3"}],"collection":[{"href":"https:\/\/socialskin.com\/comunidad\/wp-json\/wp\/v2\/pages"}],"about":[{"href":"https:\/\/socialskin.com\/comunidad\/wp-json\/wp\/v2\/types\/page"}],"author":[{"embeddable":true,"href":"https:\/\/socialskin.com\/comunidad\/wp-json\/wp\/v2\/users\/2353"}],"replies":[{"embeddable":true,"href":"https:\/\/socialskin.com\/comunidad\/wp-json\/wp\/v2\/comments?post=3"}],"version-history":[{"count":4,"href":"https:\/\/socialskin.com\/comunidad\/wp-json\/wp\/v2\/pages\/3\/revisions"}],"predecessor-version":[{"id":9896,"href":"https:\/\/socialskin.com\/comunidad\/wp-json\/wp\/v2\/pages\/3\/revisions\/9896"}],"wp:attachment":[{"href":"https:\/\/socialskin.com\/comunidad\/wp-json\/wp\/v2\/media?parent=3"}],"curies":[{"name":"wp","href":"https:\/\/api.w.org\/{rel}","templated":true}]}}